Calculate the remainder when 232040 is divided by 1423.
91
What is the remainder when 1237055 is divided by 412313?
116
Calculate the remainder when 22808964 is divided by 1064.
1060
Calculate the remainder when 755561 is divided by 85.
81
What is the remainder when 400056 is divided by 133081?
813
Calculate the remainder when 356975 is divided by 83.
75
What is the remainder when 57840067 is divided by 21?
19
What is the remainder when 555837 is divided by 555729?
108
What is the remainder when 22929315 is divided by 219?
15
Calculate the remainder when 448547 is divided by 178.
165
What is the remainder when 2534931 is divided by 650?
581
What is the remainder when 198264 is divided by 533?
521
What is the remainder when 28755866 is divided by 294?
20
Calculate the remainder when 23940552 is divided by 66.
42
Calculate the remainder when 369605 is divided by 184368.
869
What is the remainder when 544684 is divided by 41886?
166
What is the remainder when 11313 is divided by 680?
433
Calculate the remainder when 1379999190 is divided by 29.
28
Calculate the remainder when 374458 is divided by 2881.
2809
What is the remainder when 368792 is divided by 368732?
60
What is the remainder when 41034 is divided by 2440?
1994
Calculate the remainder when 131447 is divided by 7007.
5321
Calculate the remainder when 36788646 is divided by 6131439.
12
Calculate the remainder when 6592391 is divided by 2197461.
8
What is the remainder when 398344795 is divided by 3275?
3270
Calculate the remainder when 29948 is divided by 1787.
1356
Calculate the remainder when 1374023 is divided by 6670.
3
Calculate the remainder when 77228 is divided by 2036.
1896
What is the remainder when 196215 is divided by 6674?
2669
Calculate the remainder when 7960513 is divided by 10488.
121
Calculate the remainder when 1097309 is divided by 1097278.
31
Calculate the remainder when 752163 is divided by 234.
87
What is the remainder when 169751 is divided by 676?
75
What is the remainder when 296112505 is divided by 11?
7
What is the remainder when 2433882 is divided by 89?
88
Calculate the remainder when 1802745 is divided by 74.
31
Calculate the remainder when 20898 is divided by 661.
407
What is the remainder when 2838515 is divided by 22527?
113
What is the remainder when 1205593 is divided by 401100?
2293
Calculate the remainder when 37142236 is divided by 171.
10
What is the remainder when 269276 is divided by 657?
563
What is the remainder when 94688383 is divided by 3472?
3471
Calculate the remainder when 37200 is divided by 2365.
1725
Calculate the remainder when 37484578 is divided by 140.
138
What is the remainder when 3520180 is divided by 142?
0
Calculate the remainder when 3404212 is divided by 126072.
268
What is the remainder when 621462 is divided by 1877?
175
What is the remainder when 832840 is divided by 63995?
905
Calculate the remainder when 14814945 is divided by 34.
23
What is the remainder when 1776410 is divided by 30108?
38
Calculate the remainder when 588313 is divided by 10505.
33
What is the remainder when 892226 is divided by 148701?
20
What is the remainder when 6825826 is divided by 4142?
3952
What is the remainder when 1471247 is divided by 9138?
29
What is the remainder when 8527673 is divided by 66?
11
Calculate the remainder when 2226792 is divided by 265.
262
Calculate the remainder when 313375 is divided by 22383.
13
What is the remainder when 2112047 is divided by 528005?
27
What is the remainder when 34248369 is divided by 442?
441
Calculate the remainder when 144609 is divided by 3067.
460
Calculate the remainder when 17098514 is divided by 3193.
3192
What is the remainder when 1792167 is divided by 931?
923
Calculate the remainder when 39135204 is divided by 954517.
7
What is the remainder when 63042 is divided by 2005?
887
What is the remainder when 229612 is divided by 57397?
24
What is the remainder when 224434 is divided by 71592?
9658
What is the remainder when 1906548 is divided by 16724?
12
What is the remainder when 715524 is divided by 715270?
254
What is the remainder when 1262242 is divided by 50489?
17
What is the remainder when 419220 is divided by 3555?
3285
What is the remainder when 838918 is divided by 279626?
40
What is the remainder when 542358 is divided by 30106?
450
What is the remainder when 2506634 is divided by 1327?
1258
What is the remainder when 183556 is divided by 900?
856
What is the remainder when 537952 is divided by 13?
12
What is the remainder when 1329191 is divided by 307?
188
Calculate the remainder when 8178697 is divided by 581.
541
What is the remainder when 4332480 is divided by 50962?
710
What is the remainder when 155707 is divided by 11098?
335
What is the remainder when 348016 is divided by 603?
85
Calculate the remainder when 3179432 is divided by 21.
11
Calculate the remainder when 403919 is divided by 3846.
89
Calculate the remainder when 1063072 is divided by 6215.
307
What is the remainder when 793650 is divided by 9562?
4
What is the remainder when 3232145 is divided by 76?
17
Calculate the remainder when 5052035 is divided by 73.
70
Calculate the remainder when 4447093 is divided by 1680.
133
Calculate the remainder when 116520767 is divided by 288.
287
Calculate the remainder when 384932848 is divided by 128310946.
10
What is the remainder when 12836836 is divided by 94?
8
Calculate the remainder when 205651 is divided by 754.
563
Calculate the remainder when 5639796 is divided by 8952.
36
What is the remainder when 1628021 is divided by 906?
845
Calculate the remainder when 1525330 is divided by 1525299.
31
Calculate the remainder when 26077 is divided by 25147.
930
What is the remainder when 10522 is divided by 2069?
177
What is the remainder when 32689 is divided by 10806?
271
Calculate the remainder when 213474 is divided by 71144.
42
Calculate the remainder when 14669736 is divided by 719.
698
Calculate the remainder when 114164 is divided by 66.
50
What is the remainder when 384380 is divided by 3049?
206
Calculate the remainder when 2553860 is divided by 1276926.
8
What is the remainder when 1221394 is divided by 649?
625
What is the remainder when 26286645 is divided by 181?
15
What is the remainder when 5014 is divided by 705?
79
What is the remainder when 398843 is divided by 184?
115
What is the remainder when 2380393 is divided by 3827?
3826
What is the remainder when 1028553 is divided by 99?
42
Calculate the remainder when 4670172 is divided by 5593.
17
What is the remainder when 12535375 is divided by 196?
195
Calculate the remainder when 1203 is divided by 235.
28
Calculate the remainder when 513024 is divided by 1071.
15
What is the remainder when 33355997 is divided by 72?
53
What is the remainder when 87088565 is divided by 17?
13
Calculate the remainder when 247114 is divided by 180.
154
What is the remainder when 449620821 is divided by 24?
21
Calculate the remainder when 108228 is divided by 11592.
3900
What is the remainder when 608740 is divided by 5339?
94
Calculate the remainder when 2725728 is divided by 73.
54
What is the remainder when 23666 is divided by 3940?
26
What is the remainder when 694138 is divided by 1875?
388
What is the remainder when 1692260 is divided by 406?
52
Calculate the remainder when 2898 is divided by 268.
218
What is the remainder when 3186760 is divided by 2014?
612
What is the remainder when 15267 is divided by 7165?
937
Calculate the remainder when 92546 is divided by 872.
114
What is the remainder when 29011 is divided by 2712?
1891
What is the remainder when 8030854 is divided by 154437?
130
Calculate the remainder when 3513432 is divided by 2684.
76
Calculate the remainder when 961154 is divided by 27.
8
Calculate the remainder when 11877 is divided by 303.
60
Calculate the remainder when 3027118 is divided by 5464.
62
What is the remainder when 4069187 is divided by 96?
35
What is the remainder when 4787369 is divided by 105?
104
Calculate the remainder when 271352 is divided by 640.
632
Calculate the remainder when 49498687 is divided by 538.
535
Calculate the remainder when 45485570 is divided by 33.
20
What is the remainder when 310115 is divided by 64?
35
What is the remainder when 47167 is divided by 13446?
6829
Ca